ghest common divisor of x and 77.
11
Let c = -137 - -131. Let y(i) = -11*i - 56. Let f be y(c). What is the greatest common factor of 270 and f?
10
Let i = -33 + 36. Suppose 6269 = -3*y - 2*q, -2*y = -4*q + 8*q + 4174. Let d be i/((-60)/4) + y/(-5). Calculate the greatest common divisor of 38 and d.
38
Let o = -4 + -2. Let s = o + 14. Suppose 3*l - 256 = -l. What is the greatest common divisor of s and l?
8
Let u = 15533 - 12286. What is the highest common divisor of u and 136?
17
Let r(h) = -281*h**3 + 139*h**3 - 2*h - 4*h**2 - 1 - 18 + 139*h**3. Let q be r(-5). Calculate the greatest common factor of q and 76.
38
Let f = -142 + 134. Let n = 46 - f. Calculate the highest common divisor of 2 and n.
2
Let b be (-3222)/(-42) - 13 - (8/14)/(-2). Calculate the highest common factor of 688 and b.
16
Suppose -4*p = -3*k + 6*k - 1, 2*p - 2 = 0. Let b be (-13 + 12)*55/k. Calculate the greatest common factor of b and 10.
5
Let r(l) = 4*l**3 - 2*l**2 + 2*l - 1. Let m be -1*((-3)/(-1) - 6). Let n be r(m). Suppose -93*z = -n*z + 96. Calculate the greatest common factor of z and 6.
6
Let r = -10 - -41. Let q be (341/66)/(1/30). What is the greatest common divisor of r and q?
31
Suppose 51*r + 550 = 805. What is the greatest common factor of r and 11965?
5
Suppose -2*i + 23632 = p, 7*i + 24*p - 25*p = 82721. Calculate the highest common factor of 585 and i.
117
Let x(q) = -2*q + 29. Let r be x(8). Suppose 0 = 5*u - 2*u - h - 19, u - r = 2*h. What is the greatest common factor of u and 10?
5
Let n(r) = -4*r - 25. Let u be n(-6). Let b be (u/3)/(1/1473). Let x = b - -691. Calculate the greatest common factor of x and 40.
40
Let i = -26 + 54. Let k be (-1)/4 + 147/i. Suppose -k*r + r + 120 = 0. Calculate the greatest common factor of r and 6.
6
Suppose q + 13*q = 0. Suppose -2*x - 52 = -q. Let c = x - -30. What is the highest common divisor of 12 and c?
4
Suppose -4*p + 76 = -4*n, n = -4*p + 8*p - 91. Calculate the greatest common divisor of p and 1184.
8
Let w(d) = 4*d**2 - 5*d - 15. Let t be w(3). Suppose -104 = -t*a - 38. Calculate the greatest common factor of 55 and a.
11
Suppose 299 = 3*q - 4*s, 5*q - 538 = -s - 55. Let y = 137 - q. Suppose -g = g - 80. What is the greatest common divisor of g and y?
40
Let m(q) be the first derivative of -q**4/4 - 5*q**3 + 8*q**2 + 23*q + 114. Let f be m(-16). Calculate the highest common divisor of f and 667.
23
Let l = -42 - -47. Suppose 3 = l*n - 12. Suppose n*y - 72 = y. Calculate the greatest common factor of y and 24.
12
Suppose -3*t = -2*t + 5*k - 190, 4*t = -k + 665. Suppose 2*x = -2, 3*m - 148 = x + t. Let g = -50 - -76. What is the highest common divisor of g and m?
26
Let p(q) = -q**2 + 77*q - 872. Let b be p(40). Let i be 1 + 17 + 1 + (-20 - -20). Calculate the greatest common factor of i and b.
19
Suppose 13422 = 12*j + 3594. What is the highest common factor of 189 and j?
63
Let z = 4959 + -4464. Calculate the highest common factor of 20 and z.
5
Let b = -338 - -377. Let q(d) = -d + 8. Let y be q(6). Let l be (-2)/(2*y/(-26)). What is the greatest common divisor of l and b?
13
Let u = -5 + 25. Let o(i) = -i**3 - 15*i**2 - 4*i - 13. Let d be o(-15). Let w = 52 - d. What is the greatest common divisor of w and u?
5
Let g be ((-861)/(-28) + -30)*(246 + 2). Calculate the greatest common divisor of g and 642.
6
Suppose -t = -5*u + 42, 4*t - 21 = 3*t - 2*u. What is the highest common factor of t and 2157?
3
Let u = -2331 - -4886. Calculate the greatest common divisor of 70 and u.
35
Let n be (-3235)/(-85) + (4/136)/(15/(-30)). Calculate the greatest common divisor of n and 1026.
38
Let a(p) = 3*p - 29. Let s be a(17). Suppose -2*o + 68 = 15*o. Calculate the greatest common factor of s and o.
2
Let b(h) = h**3 + 5*h**2 + 9. Let o be b(-5). Suppose -9*x + 9 = -o. Suppose -x*n + 18 = -d, n + 3*d = 2*n - 19. What is the greatest common divisor of n and 1?
1
Let o = 69 - -290. Let s = -351 + o. Calculate the highest common divisor of 8 and s.
8
Let t(v) = v**3 + 3*v**2 - 185*v + 29. Let j be t(0). Calculate the highest common divisor of j and 9.
1
Suppose -2*g - 222 = -4*t, 5*g + 62 = 2*t - 61. Let i = -396 + 234. Let q be (-36)/10*270/i. What is the highest common factor of t and q?
6
Let b = 23 - -11. Suppose 3*v + 3 = 0, -5*x - 3*v = -1925 + 398. What is the highest common divisor of x and b?
34
Let r(u) = 37*u**2 + u - 1. Let w be r(-1). Let x = 73 - w. Suppose -5*p - 34 = -4*z + x, 3*p - 14 = -2*z. Calculate the greatest common factor of 13 and z.
13
Let g(k) = 63*k + 3. Let s be g(3). Let v be 45*(-30)/(-100)*(-64)/(-12). Calculate the highest common factor of s and v.
24
Suppose -17*g + 9 = 723. Let u = -24 - g. What is the highest common divisor of 60 and u?
6
Suppose 4*r - 7616 = -3*l, -7*r + 3*l + 1904 = -6*r. What is the highest common factor of r and 280?
56
Suppose -3*p = -g - 40875, 4*g + 16121 = 3*p - 24763. Calculate the highest common divisor of 52 and p.
52
Let m = -799 + 416. Let t = 404 + m. Let p be (-86 - -2)/3*-1. What is the greatest common factor of p and t?
7
Suppose -66*p + 849646 = -26504. Calculate the greatest common divisor of p and 675.
225
Let p = -27 + 41. Let z = -23869 + 23939. What is the highest common factor of z and p?
14
Let x(o) = -o**3 - 4*o**2 - 7*o - 4. Let t be x(-1). Let l(p) = -p**2 + 3*p + 21. Let f be l(t). What is the highest common divisor of f and 42?
21
Let b(v) = v**3 + 21*v**2 + 17*v - 71. Let i be b(-19). Calculate the highest common factor of 200 and i.
8
Let p = 309 + -214. Let b = 105 - p. Calculate the greatest common divisor of 90 and b.
10
Suppose 0 = 3*b - 6, -1367*i + 2*b + 898 = -1366*i. Calculate the highest common factor of i and 3362.
82
Let g = -515 - -786. Suppose -g = -5*b + 79. Calculate the highest common divisor of 4 and b.
2
Suppose -25 = 5*r, -78 = -o - 3*r + 5*r. Suppose 6*q - 88 - o = 0. Suppose -2*a = -5*z - 46, -z = a - 5*z - q. Calculate the highest common factor of a and 18.
18
Suppose 2*b + 5*t - 79 = -12, -4*t - 4 = 0. What is the highest common divisor of b and 212?
4
Suppose 3*h = s - 178, 112*s + 4*h - 928 = 107*s. What is the highest common divisor of 2806 and s?
46
Let w be (-4)/12 + 201/9. Let x be (-428)/(-20) + 5/((-75)/(-9)). Suppose 0 = 20*z - x*z + 352. What is the highest common divisor of w and z?
22
Let l = 5080 - 933. What is the highest common factor of 1430 and l?
143
Suppose 48*d - 49*d = -27*d + 70876. What is the highest common factor of 1786 and d?
94
Let v = 373 + -360. Suppose 2*g - 269 = -3*z, v*g - 4*z = 15*g - 270. Calculate the greatest common factor of g and 57.
19
Let g = 39 - 10. Suppose -5*a = -g - 51. What is the highest common divisor of a and 12?
4
Let p(u) = 10*u**2 + 42*u + 20. Let s be p(-4). Calculate the greatest common factor of 5268 and s.
12
Let m(f) = 604532*f - 604517*f - 6 + f**2 - 2*f**2. Suppose 17 - 3 = n. Let a be m(n). What is the highest common divisor of 1 and a?
1
Let l = 522 - 515. Suppose l*k + 1012 = 1082. Calculate the highest common factor of 85 and k.
5
Let g = 86 + 31. Suppose -160 - 74 = -26*w - 0. What is the highest common factor of w and g?
9
Suppose 0 = 9*w - 8*w - 11*w + 1100. Let h = -143 + 264. Calculate the highest common factor of h and w.
11
Let f be ((-26)/8)/(1/(-4)). Let n be 4/(-4)*1 - -9. Suppose -r - 5*v + n = 0, 19*v - 11 = -r + 17*v. What is the highest common factor of f and r?
13
Suppose 471*w - 456*w - 540 = 0. What is the highest common factor of w and 204?
12
Suppose 0 = -139*j + 56*j + 3901. What is the greatest common factor of 1 and j?
1
Let x be (29/58)/(157/156 - 1). Let c(g) = g**3 + 13*g**2 + 14*g - 16. Let r be c(-9). Calculate the highest common factor of x and r.
26
Let g be (49/(-4))/(370/(-10360)). Calculate the greatest common divisor of g and 392.
49
Suppose -2*o = -3*b + 2169, -50*o - 1446 = -2*b - 53*o. What is the greatest common factor of 18 and b?
3
Let h(g) = 10*g**2 - 78*g - 6. Let q be h(8). Let n be q/(-4) - (-680)/16. Calculate the greatest common divisor of 64 and n.
8
Suppose -5*x + 5*g = -280, 0 = 3*g - 1 + 4. Calculate the greatest common divisor of 410 and x.
5
Let g be (-6)/9 + 529/69. Calculate the highest common divisor of 4501 and g.
7
Suppose -77*l = -40*l - 36*l - 168. Calculate the highest common divisor of 24 